me factors of d.
191
Suppose -2*n - 474 = 4*r, 5*n - 3*n + r = -459. Let j = -114 - n. Suppose -4*c = -3*c - j. List the prime factors of c.
113
Let y = 1138 + -7. What are the prime factors of y?
3, 13, 29
Let o(a) be the second derivative of a**5/20 + 3*a**4/2 + 11*a**3/3 + 29*a**2/2 + 5*a - 7. What are the prime factors of o(-16)?
3, 7
Let t(b) = b**2 + 29*b + 7. Let r be t(22). Suppose -3*f + r = c, 0 = f + 2*c - 69 - 309. List the prime factors of f.
2, 47
Let s(c) = c**3 - 10*c**2 + 2. Let k be s(10). Suppose -4*r - 6*w - 185 = -w, 44 = -r - k*w. Let q = r - -95. List the prime factors of q.
3, 5
Let t be ((-18)/(-5))/(9/510). Let v be (-6)/2 + t/1. Let n = v - 139. List the prime factors of n.
2, 31
Let u(f) = 15*f**2 - 11*f + 43. Let b be u(10). Let i = b + -1018. List the prime factors of i.
5, 83
Suppose -20530 = -5*q - 5*i, -5*i + 16423 = -17*q + 21*q. List the prime factors of q.
3, 37
Let q(n) = 452*n**3 + 7*n**2 - 4*n - 2. Let c be q(1). Suppose 5*a - b = 1190, 5*b = -0*a + 2*a - c. What are the prime factors of a?
239
Let s = -7 + 10. Suppose 0 = -a - o + 8, -3*a + 17 = -o - s*o. Let i = a - -47. List the prime factors of i.
2, 3
List the prime factors of -3 - ((26 - 10) + -13362).
11, 1213
Let t(l) = -430*l + 2457. What are the prime factors of t(-8)?
5897
Let s(j) = -22*j + 3817. What are the prime factors of s(-67)?
11, 13, 37
Let u = 5665 + -1225. List the prime factors of u.
2, 3, 5, 37
List the prime factors of ((-58)/40 + 5/25)/((-56)/3144512).
2, 5, 7019
Let f(x) = 19*x - 90. Let l be f(5). Suppose o - 2*n - 6 = 2, -o + 3*n = -10. Suppose o*h - 253 = -r + 6*h, 4*r + l*h = 1077. What are the prime factors of r?
263
Let i(l) = -26*l - 73. Let a be i(-3). Let h(r) = 7*r**3 + r**2 + 2*r + 18. List the prime factors of h(a).
2, 29
Suppose 0 = -10*v - 203 - 437. Let d = -48 - v. What are the prime factors of d?
2
Let u(b) be the second derivative of 37*b**3/3 - 15*b**2/2 - 49*b. List the prime factors of u(6).
3, 11, 13
Let y = -5 - 0. Let k be (10220/(-42))/10*3. Let m = y - k. What are the prime factors of m?
2, 17
Let l = -6935 - -13131. What are the prime factors of l?
2, 1549
Let z be 7 - -141 - (-6 - -19). Let d = -125 - -209. Let b = z - d. What are the prime factors of b?
3, 17
Suppose -8 = 3*h + 19. Let g be (-8)/(-12) - 3/h*607. Let u = -67 + g. What are the prime factors of u?
2, 17
Suppose 17 = 4*v - 3. Suppose k - 895 = -4*k + v*l, 0 = -4*l. List the prime factors of k.
179
Let g(c) = 3*c**2 + 11*c + 13. Suppose 0 = i + 5*r - 22 - 36, -4*i + 2*r = -254. Suppose -2*q - i = 5*q. What are the prime factors of g(q)?
157
Let c(z) = z**2 + 28*z - 91. Let l be c(-31). Suppose -1564 = -3*k - 2*k - 2*m, m - l = 0. List the prime factors of k.
2, 3, 13
Let b be (-4)/((-153)/18 + 8). Suppose -4*m + 5680 = 4*k - b*m, 2*k - 5*m = 2828. List the prime factors of k.
2, 89
Let o(k) = 3*k**2 - 2*k - 2*k - 146 + 15*k + 6*k + 0*k. List the prime factors of o(-21).
2, 5, 41
Suppose 0 = -x - m + 32, 3*x - 31 = -m + 59. Suppose 14227 = x*t + 12*t. List the prime factors of t.
347
Let j(x) = x - 2. Let c(i) = 4*i**2 + 48*i - 152. Let u(p) = c(p) - 24*j(p). List the prime factors of u(-16).
2, 67
Let b = 297 - 294. What are the prime factors of (0 + (-574)/35)/(b/(-45))?
2, 3, 41
Let a be (-4)/((-6)/4266*3). Suppose 5*x - 1921 = 3*x + 3*k, x = 4*k + a. What are the prime factors of x?
2, 11
Suppose -4*v - 3*i = -59397, 635*v + i + 59417 = 639*v. List the prime factors of v.
3, 4951
Suppose -3*y - 7*u = -10*u + 36, -3*u = 2*y + 9. Let c = y - -12. Suppose 38 = 2*t + 5*l, -2*t + 4*l + 95 = c*t. List the prime factors of t.
19
Suppose -r - 3*i = -3*r + 234, 2*r - 5*i - 226 = 0. Let u be r/(-9) - 6/(-9). List the prime factors of 69 - (-1 + 1)/(13/u).
3, 23
Let q(m) = 34*m**2 + 75*m - 552. List the prime factors of q(19).
13147
Let d be -2*(0 + (-135)/10). Suppose 13*k - 131 = -d. Suppose 21 + k = g. List the prime factors of g.
29
Suppose -149*p = -146*p - 2*u - 195197, -5*p + 325350 = u. What are the prime factors of p?
31, 2099
Let f(c) = -4*c**2 + 11*c - 6. Suppose -8*m - 10 = -3*m. Let u(q) = 3*q**2 - 11*q + 7. Let s(v) = m*f(v) - 3*u(v). What are the prime factors of s(5)?
3, 7
Let g = 6025 - 3893. List the prime factors of g.
2, 13, 41
Let s(l) = -l**2 - 17*l - 25. Let c be s(-16). Let r be 528/c*9/(-2). Suppose 4*k - 2*w - 194 - 46 = 0, -r = -4*k - 4*w. What are the prime factors of k?
2, 31
Let r = 8550 + 9934. What are the prime factors of r?
2, 4621
Suppose 0 = -3*n + 20*i - 16*i - 3788, -5*i = 2*n + 2556. Let s = n - -3098. List the prime factors of s.
2, 3, 5, 61
Suppose -4*h + 60 = -3272. Suppose -q - 93 = -c + 113, -4*c + q + h = 0. What are the prime factors of c?
11, 19
Suppose 6*m - 3 = 3*m. What are the prime factors of -7*m*20590/(-203)?
2, 5, 71
Let p = 341 - 201. List the prime factors of (224/p)/(1/215).
2, 43
What are the prime factors of 6863 + -10 + (-36)/2?
5, 1367
Suppose 0*z - 1100 = -4*z - 5*l, -4*l + 544 = 2*z. Let o = 731 - z. What are the prime factors of o?
11, 41
Suppose 0 = -4*x + 12*x - 24. Suppose x*p + 2 + 1 = -4*j, 2*j = -2*p. Suppose 0*g = -p*g + 57. List the prime factors of g.
19
Suppose -4*s - 5*i = -13053, -5*s + 8*i + 10044 = -6201. List the prime factors of s.
3257
Let w = -38 - -100. Suppose -w = -4*h - 2*m, 0 = -3*m - 0 - 3. Suppose -3*g + 79 = 3*a + h, -2*a = 4*g - 84. What are the prime factors of g?
3, 7
List the prime factors of (-24)/20 + ((-626652)/(-20))/13.
3, 11, 73
Let v(j) = 833*j - 1777. List the prime factors of v(10).
6553
Let j(c) = c**3 + c**2 + c + 15. Let h be j(-4). Let g = 325 + h. What are the prime factors of g?
2, 3
Let w(t) = 15*t**2 - 2*t - 18. Let j be w(5). List the prime factors of (j - (-4 + 1))/(0 - -1).
2, 5, 7
Let g be -1 - -6 - (-155)/(-31). Suppose -3*b = 3*w - 3816, g = 5*w + b + 557 - 6901. List the prime factors of w.
2, 317
Suppose 0 = -8*h - 100 + 436. Suppose 3*z = 7*z - 3*x - 168, 0 = -z - 4*x + h. Suppose 4*b - z = 222. What are the prime factors of b?
2, 3, 11
Suppose -5972 = -4*z + 12*s, 2*z - 27*s + 22*s - 2991 = 0. List the prime factors of z.
2, 13, 29
Let b(j) = -j**3 - 8*j**2 + 15*j + 14. Let t be b(-9). Let v = 290 + t. List the prime factors of v.
2, 5
Suppose -5*u + 4*z - 23 = 0, -u + 3*z + z - 11 = 0. List the prime factors of 693*(-2 + (u - -6)).
3, 7, 11
List the prime factors of (168/72)/(5/4035).
7, 269
Let b = -1662 - -975. Let s = -287 - b. List the prime factors of s.
2, 5
Let d be (3/((-21)/7))/((-1)/(-20)). Let y = 318 - 146. Let m = d + y. What are the prime factors of m?
2, 19
Suppose -8*u = -3*u - 70. Suppose 1112 = -10*l + u*l. What are the prime factors of l?
2, 139
Let c be (-1 + 9/(-2))/(4/(-8)). Let p be (-4)/(-3 + c)*0. Suppose -k - 133 = -0*j - j, 3*j + 2*k - 399 = p. List the prime factors of j.
7, 19
Let f(d) be the first derivative of d**3/3 + 2*d**2 + 3*d + 22. Let j be f(-5). List the prime factors of -2 + ((-102)/j)/((-21)/56).
2
Suppose -889541 = 119*b - 162*b. What are the prime factors of b?
137, 151
Let i be 5/(((-38)/2252)/(-19)). Suppose 968*q = 978*q - i. List the prime factors of q.
563
Suppose 5*r = -10, 1038 = -4*p + r + 4*r. Let y = p - -530. What are the prime factors of y?
2, 67
Let c(a) = a**3 - 14*a**2 + 14*a + 2. Let t be 17 - -3*12/(-9). Let f be c(t). Let x = f - -101. What are the prime factors of x?
2, 29
Let u be (18 + -2 + 4)/2. Suppose -k + u = 3*n, 0 = -3*k + 7*n - 4*n + 6. Suppose 5*t + 34 = 5*a - 4*a, -k*t + 4 = 0. What are the prime factors of a?
3, 13
List the prime factors of 19652/10*(-29 + 32)/((-6)/(-10)).
2, 17
Let i be -7 + 2 - 21/(-3). What are the prime factors of 424065/408 - (i - 13/8)?
1039
Let y(k) be the second derivative of 1/12*k**4 - 11/2*k**2 + 0 - 7/2*k**3 + 16*k. List the prime factors of y(23).
5, 7
Let h(w) = 573*w**2 - 41*w - 79. What are the prime factors of h(-2)?
3, 5, 17
Let h(u) = 2*u**3 - 5*u**2 - 6*u - 8. Let z be h(6). Suppose 550 = -5*n + 5*r, 20*n + 2*r - 114 = 21*n. Let c = z + n. What are the prime factors of c?
2, 3, 17
Suppose 0 = -4*d + 2*y + 60 - 14, 0 = 5*d + 3*y - 63. Suppose 0 = 8*n - d*n + 3724. What are the prime factors of n?
7, 19
Suppose 0 = -29*l + 21*l + 2912. Let t = l + -92. What are the prime factors of t?
2, 17
What are the prime fac